407 and k.
37
Let v = 7553 + -6361. Calculate the highest common factor of v and 2682.
298
Let d be (-100012)/(-572) + 134/26 + -5. Calculate the highest common divisor of 315 and d.
35
Let y = 58 + -54. Suppose -h = -5*g + 1155, y*g - 7*h + 2*h = 903. Let q = -134 + g. What is the greatest common factor of q and 14?
14
Suppose -41*g + 124131 = 21*g + 7*g. Calculate the highest common divisor of 771 and g.
257
Let m be 2/11 + 8883/693. Calculate the greatest common factor of 2197 and m.
13
Let b(i) = 7834*i - 3. Let q be b(2). Suppose -4*z - q = 4691. Let r be 1/(-2) + z/(-14). Calculate the greatest common divisor of r and 33.
33
Suppose 2*x + 2*y + 22 = 0, x + 3*y - 5*y = 4. Let k be (0 - (4 + x)) + 491. What is the highest common divisor of 29 and k?
29
Suppose -7*v + 479 = -228. Let a = -49 + v. Let g = a + -21. What is the greatest common divisor of g and 341?
31
Let u = 11 + -1. Let z = -14699 - -14799. Calculate the greatest common factor of u and z.
10
Let p(t) = -11*t**3 + 2*t**2 + 5*t - 8. Let d be p(3). Let n = d + 304. Calculate the highest common divisor of 1024 and n.
32
Let u be (41 - 1509)/(2 - 6). Let x = -355 + u. Let y be (-2)/(-4)*(-1 - -9). Calculate the greatest common factor of x and y.
4
Suppose -i = -4*i + 3*g + 102, 3*g + 166 = 5*i. Suppose -3*a + i = 5*a. Suppose 2 - 14 = -2*r. What is the greatest common factor of r and a?
2
Let j be (7 + -4)/(((-12)/(-70))/(16/10)). Calculate the highest common factor of j and 5362.
14
Suppose -7*m - 205 + 212 = 0. Let w be (-44)/(-55) - (592/(-10))/m. Calculate the greatest common factor of w and 90.
30
Let c be 5/(-60)*8 + (-93)/(-18)*10. Calculate the highest common divisor of 357 and c.
51
Suppose 3*s = -82*y + 85*y + 291, 5*y + 281 = 3*s. Calculate the greatest common factor of 11118 and s.
102
Let z = 193 + -187. Suppose 4*b + 42 = z*b. Calculate the greatest common divisor of b and 35.
7
Let k be ((-63)/(-308)*-11)/(2/(-1824)). Calculate the greatest common factor of 864 and k.
108
Let g be (-1)/16 - (-290774)/352. Suppose -2*q + 0*s - 5*s + g = 0, -2*q + 802 = -s. What is the highest common factor of q and 62?
31
Let j = -2693 - -2735. Let b(x) = -x**3 + 8*x**2 - 5*x + 10. Let c be b(7). Let a be (c/(-14))/((-4)/28). What is the highest common divisor of j and a?
6
Let m = -37 + 59. Suppose d = -9 + m. Let z be 4458/114 - (-24)/(-228). Calculate the highest common divisor of d and z.
13
Let t(g) = -g**3 - 24*g**2 + 26*g + 44. Let w be t(-25). Suppose -92 = 17*s - w*s. Calculate the greatest common factor of 2 and s.
2
Let c = 34 + -6. Let v be (-368)/14 - (-96)/336. Let j = v + c. Calculate the greatest common factor of 8 and j.
2
Suppose -24*j - 43*j + 684 = -29*j. Suppose 310 = 5*i - 95. Calculate the highest common factor of i and j.
9
Suppose 3*i - 2*j + 98 = 0, -i - 5*j + 29 = 39. Let h(w) = w**3 + 28*w**2 - 67*w - 93. Let g be h(i). Calculate the greatest common factor of g and 36.
9
Let j be (2 - 5)/(-6)*0/(-1). Let q(b) = b**2 + 2*b + 2. Let d be q(j). Suppose d*m = 5*u - 170, -m = 4*m. What is the highest common factor of 170 and u?
34
Suppose -2*d - 2*r + 2332 = 0, 4*d - 5838 = -d - 3*r. Suppose -25*s + d = s. What is the highest common factor of 450 and s?
45
Suppose 4*c - 150 = 2*c. Suppose -2*l + c - 45 = 0. Suppose -2*t + 7 - 1 = 0. What is the highest common divisor of t and l?
3
Let z = -212 + 338. Calculate the greatest common divisor of 1602 and z.
18
Let g = -120 - -124. Suppose -q - 5*f = -182, g*q + 18*f - 15*f = 711. Calculate the highest common divisor of 236 and q.
59
Suppose -2*p = 51 - 57, 2*k - p - 557 = 0. Calculate the greatest common factor of k and 385.
35
Let w = 23700 - 13440. What is the highest common factor of w and 54?
54
Let g(t) = 2*t**2 - 8*t - 14. Suppose 10 = -6*v + 46. Let m be g(v). Calculate the greatest common factor of 70 and m.
10
Suppose 0 = -x - 4*a + 92, 2*x - 100 - 60 = 4*a. Let m = -31 + 28. Let s be 1*-16*m/4*1. What is the greatest common divisor of s and x?
12
Let z be (-80)/18 + (-24)/(-54) - 453. Let m = z - -470. Let h be ((-1)/(1/(-26)))/2. Calculate the greatest common divisor of h and m.
13
Suppose 0*o + 31 = 27*o - 212. Calculate the greatest common divisor of o and 99.
9
Suppose -82*s = 16*s - 12152. Calculate the greatest common divisor of 465 and s.
31
Let u = -10 + 14. Suppose -193 + 718 = 7*g. Let w be (-184)/(-30) - 10/g. What is the highest common factor of u and w?
2
Let j = 27634 - 15777. What is the greatest common factor of j and 334?
167
Suppose 0 = -3*r + f + 43, -f - 2*f - 3 = 0. Suppose 0 = 5*t, -r*z + t = -11*z - 90. What is the greatest common factor of z and 285?
15
Suppose -13*v + 6*v = -140. Let x = -10 + v. Suppose 22*w = 23*w - x. Calculate the highest common factor of w and 90.
10
Suppose -4308 = -62*m + 3442. What is the greatest common divisor of m and 15?
5
Suppose -86 - 206 = -2*k. Let a = 234 - k. Let d = a + -73. Calculate the greatest common divisor of 105 and d.
15
Let c(n) = -58*n. Let v be c(-5). Suppose 3*s + 49*f - 46*f - 336 = 0, 704 = 6*s - 2*f. What is the greatest common factor of v and s?
58
Suppose 0 = -1551*x + 1554*x - 189. What is the greatest common divisor of x and 207?
9
Let z = 26 - 26. Suppose -7*o + 21*o - 182 = z. Calculate the highest common factor of o and 39.
13
Suppose 3775 + 506 = 24*c - 2271. Calculate the greatest common factor of c and 416.
13
Let m = 130 - 123. Let p(v) = v**2 - 2*v. Let z be p(m). What is the greatest common factor of 10 and z?
5
Let w(i) = 2*i**2 - 8*i + 66. Suppose 0 = -4*b - b - 20, 4*y - 3*b - 40 = 0. Let c be w(y). Calculate the greatest common divisor of 378 and c.
54
Suppose 2*p = -3*o - 43 - 34, 3*p = -3*o - 117. Let n be (p/25)/(71/(-35) - -2). Calculate the greatest common divisor of 49 and n.
7
Let z be (-5)/20*(-80)/2. Let s be 2/z - 322/(-115). Calculate the highest common factor of s and 39.
3
Let m(v) = 16*v - 26. Let q = -605 + 611. Let h be m(q). What is the greatest common factor of 10 and h?
10
Suppose 15*k + 11*k + 5384 = 13652. What is the highest common divisor of 424 and k?
106
Let q(k) = 1140*k + 11187. Let s be q(-6). Calculate the highest common factor of s and 294.
21
Suppose -6*m - 3 = 9. Let k be (6/(-6))/(1/m). Suppose k*d - 84 = -3*w + 2*w, -4*w - 42 = -d. Calculate the greatest common factor of 14 and d.
14
Let m = 75 + -51. Let a be (11124/2060)/((-2)/(-20)). What is the highest common divisor of a and m?
6
Suppose 0 = 17*z - 15*z - 466. Suppose -2*g - 4*d + 227 = 543, d = -1. Let t = g + z. Calculate the greatest common divisor of 11 and t.
11
Suppose 0 = 3*d - 54 + 30. Let j be d/10 - (-8492)/110. What is the highest common factor of 195 and j?
39
Let i(o) = -21*o - 72*o + 81*o + 124. Let q be i(9). What is the greatest common divisor of 304 and q?
16
Let s(t) = 302*t + 18495. Let z be s(-60). Let f(a) = 6*a**3 + 2*a - 2. Let p be f(2). Calculate the highest common factor of z and p.
25
Suppose t - 17 - 9 = 0. Let r(c) = -190*c + 13. Let x be r(0). What is the highest common factor of x and t?
13
Suppose -6*y + 2*y + 13060 = 4*a, 0 = 3*y + a - 9799. What is the greatest common divisor of 27 and y?
27
Suppose 2*n = -87*n + 12*n + 25641. What is the highest common factor of 2590 and n?
37
Let z = 67 - 81. Let f = -11 - z. Let p be (-10)/f*(-30)/4. Calculate the highest common divisor of p and 200.
25
Let p = 8 + -6. Let l(y) = -y**2 - 14*y + 3. Let i = -31 - -17. Let r be l(i). Calculate the highest common divisor of p and r.
1
Let w = -1286 + 1313. Let x(t) = -2*t**2 + 0*t**2 + 17*t**2 + 2*t - 2. Let u be x(-2). Calculate the highest common divisor of w and u.
27
Suppose -4 - 2 = -f - g, 0 = 2*f - 2*g - 4. Let k be f/(-10) - 2821/(-65). Suppose -419 = -2*m + 355. Calculate the greatest common divisor of k and m.
43
Let v(z) = 38*z - 677. Let p be v(18). Let a(f) = 108*f + 1. Let r be a(2). Calculate the highest common factor of r and p.
7
Suppose -22 = 2*i + h + 4, -5*i - 35 = -5*h. Let j(g) = 5*g**2 + 35*g - 4. Let f be j(i). Calculate the highest common divisor of f and 120.
24
Let k(a) = 3*a - 1. Let w be k(3). Let x be -2*4/w*-4. Let u = x + 11. What is the highest common factor of 3 and u?
3
Let v be 1/2*((3 - 0) + -3). Let a be (-4 - 2 - v) + 17. Calculate the highest common factor of a and 